 and 210?
30
Calculate the highest common divisor of 119 and 127666.
7
What is the greatest common divisor of 7185 and 15?
15
Calculate the highest common divisor of 1432960 and 640.
640
What is the highest common factor of 298796 and 4?
4
Calculate the greatest common factor of 844 and 149599.
211
What is the greatest common divisor of 209 and 114532?
209
Calculate the highest common divisor of 70 and 89480.
10
What is the highest common divisor of 189822 and 102?
102
What is the greatest common factor of 1529974 and 62?
62
What is the highest common divisor of 11 and 6703323?
11
What is the highest common divisor of 38198 and 131810?
538
Calculate the highest common factor of 1260 and 26880.
420
What is the greatest common factor of 86 and 3636?
2
What is the highest common divisor of 240323 and 1421?
29
Calculate the greatest common factor of 55 and 6864.
11
Calculate the greatest common divisor of 201 and 4087.
67
Calculate the greatest common divisor of 260709 and 1419.
129
Calculate the greatest common factor of 111106 and 292.
146
What is the greatest common factor of 11187 and 198?
99
What is the highest common divisor of 1873693 and 131?
131
Calculate the highest common factor of 28 and 4683.
7
Calculate the greatest common divisor of 674480 and 400.
80
What is the highest common factor of 159 and 1689693?
159
Calculate the greatest common factor of 221 and 5603.
13
What is the greatest common factor of 88 and 9944?
88
Calculate the greatest common divisor of 14880 and 3534.
186
What is the highest common factor of 1824 and 168?
24
Calculate the greatest common divisor of 1177660 and 1515.
505
Calculate the greatest common divisor of 10008 and 2696.
8
What is the highest common divisor of 2002 and 3822?
182
What is the greatest common factor of 2310 and 825090?
210
What is the greatest common divisor of 86834 and 77?
11
Calculate the greatest common factor of 5883 and 1614.
3
What is the greatest common divisor of 996 and 439900?
332
Calculate the greatest common factor of 51354 and 154696.
634
Calculate the greatest common factor of 33160 and 20.
20
Calculate the greatest common factor of 36 and 278032.
4
What is the highest common factor of 5280 and 489888?
96
Calculate the highest common divisor of 777 and 32412.
111
Calculate the greatest common factor of 93828 and 420.
84
Calculate the highest common factor of 871503 and 93.
93
What is the highest common divisor of 137830 and 245?
35
Calculate the greatest common factor of 20808 and 2890.
578
Calculate the greatest common divisor of 6003 and 136764.
261
Calculate the highest common divisor of 126 and 56910.
42
What is the highest common factor of 18323 and 23092?
251
What is the greatest common divisor of 679536 and 8073?
351
Calculate the greatest common divisor of 24860 and 88.
44
What is the greatest common factor of 46 and 61019?
23
What is the highest common divisor of 2424 and 505?
101
What is the greatest common divisor of 120 and 71130?
30
What is the highest common divisor of 247 and 9443?
19
What is the highest common divisor of 13085688 and 582?
582
Calculate the greatest common divisor of 55212 and 30.
6
What is the greatest common divisor of 259 and 77441?
259
Calculate the greatest common factor of 18756 and 9477.
9
Calculate the greatest common divisor of 1994 and 4830465.
997
Calculate the highest common divisor of 1990 and 310.
10
Calculate the highest common divisor of 225 and 148590.
45
What is the highest common divisor of 43258 and 15222?
86
Calculate the greatest common divisor of 55251 and 26145.
63
Calculate the greatest common divisor of 803 and 79409.
11
What is the highest common factor of 80685 and 8745?
165
What is the greatest common divisor of 3276 and 28497?
21
Calculate the highest common factor of 675 and 189075.
75
What is the greatest common factor of 28 and 399994?
14
Calculate the highest common factor of 6099 and 11001.
57
What is the highest common divisor of 7 and 72?
1
What is the highest common factor of 390 and 1045980?
390
What is the highest common factor of 912 and 372?
12
Calculate the greatest common divisor of 4309 and 161657.
139
What is the greatest common divisor of 5089 and 13188?
7
Calculate the greatest common factor of 63350 and 378.
14
Calculate the highest common factor of 59780 and 12740.
980
What is the highest common factor of 9 and 49851?
9
What is the greatest common factor of 5459 and 7791?
53
Calculate the greatest common factor of 12771 and 495.
99
Calculate the highest common factor of 367866 and 6.
6
What is the greatest common divisor of 16892 and 18025?
103
What is the highest common factor of 786 and 874294?
262
What is the highest common factor of 5891 and 2752?
43
Calculate the greatest common divisor of 504 and 183624.
168
Calculate the greatest common divisor of 810 and 103518.
162
What is the greatest common factor of 8 and 74552?
8
What is the greatest common factor of 6 and 1479?
3
What is the greatest common factor of 2916 and 7200?
36
What is the greatest common factor of 3306 and 2850?
114
Calculate the highest common factor of 852 and 129930.
426
What is the highest common divisor of 375 and 428250?
375
What is the greatest common factor of 78 and 627094?
26
Calculate the highest common divisor of 390 and 10770.
30
What is the highest common factor of 5216 and 51182?
326
Calculate the highest common divisor of 10314005 and 69.
23
What is the greatest common divisor of 58592 and 224?
32
What is the highest common divisor of 1032 and 988914?
258
Calculate the greatest common divisor of 1007 and 105894.
53
Calculate the highest common factor of 219893 and 59.
59
What is the highest common divisor of 360 and 8424?
72
Calculate the greatest common divisor of 810333 and 1611.
1611
What is the highest common divisor of 3042 and 522?
18
Calculate the greatest common divisor of 1236 and 1229202.
618
Calculate the greatest common factor of 1084 and 73441.
271
What is the highest common divisor of 1345650 and 100?
50
What is the highest common factor of 3156 and 6348?
12
What is the highest common divisor of 27125 and 14105?
1085
What is the highest common divisor of 2457 and 4186?
91
Calculate the greatest common divisor of 8764 and 28.
28
Calculate the greatest common factor of 1113 and 275547.
159
Calculate the highest common divisor of 237405 and 105.
105
Calculate the highest common divisor of 340 and 9435.
85
What is the highest common divisor of 816 and 5904?
48
What is the highest common factor of 3520 and 32?
32
What is the highest common factor of 1810 and 10900?
10
What is the highest common divisor of 2726 and 26602?
94
What is the highest common factor of 23 and 5849038?
23
Calculate the highest common divisor of 186745 and 34.
17
Calculate the greatest common divisor of 12746 and 2.
2
Calculate the greatest common factor of 67 and 125.
1
What is the greatest common divisor of 55448 and 696?
232
Calculate the highest common divisor of 64390 and 470.
470
Calculate the greatest common divisor of 3135 and 192489.
627
What is the highest common factor of 592400 and 112?
16
Calculate the highest common divisor of 1005 and 81740.
335
Calculate the greatest common divisor of 47397 and 555.
111
What is the highest common factor of 9896 and 32?
8
What is the greatest common divisor of 79632 and 4284?
252
Calculate the greatest common factor of 462559 and 83.
83
What is the highest common factor of 3576 and 87588?
12
What is the greatest common divisor of 30 and 190845?
15
Calculate the greatest common factor of 128 and 222016.
64
Calculate the highest common divisor of 122304 and 399.
21
What is the highest common factor of 220 and 51590?
110
What is the greatest common factor of 54 and 543294?
54
Calculate the highest common factor of 1534488 and 408.
408
What is the highest common divisor of 1112 and 632?
8
What is the highest common divisor of 789124 and 112?
28
What is the highest common divisor of 4 and 70480?
4
What is the highest common factor of 185 and 192437?
37
What is the greatest common factor of 416 and 1060000?
32
What is the greatest common factor of 327384 and 72?
72
What is the greatest common factor of 702 and 3960?
18
What is the greatest common factor of 157 and 16067?
1
What is 